-3 + (-7 - -3))).
2
Evaluate 1 + 1 + -4 + 7 + -6.
-1
Calculate (75 - 71) + (-2 - 0).
2
Calculate 19 - (-22 - -38) - (16 - 1).
-12
(95 - 87) + (-3 - (-5 + -15))
25
What is the value of (-23 + 16 - (-5 - (-3 + 9))) + -5?
-1
Calculate 22 - (-12 + 11 + 8).
15
What is the value of 5 + -8 + 19 + 24 + -11?
29
What is -8 - (11 - (8 + -7 + 10))?
-8
What is 43 + -62 - (3 - 19) - (0 + 0)?
-3
-1 - (7 + -10 + 1 - 3 - -23)
-19
Calculate 1 + (-23 - 1) - (74 + -26 + -40).
-31
What is 8 + 5 + -38 + 18?
-7
-24 + -17 + (3 - 4 - -9)
-33
What is the value of -29 + 21 + 2 + 0 + 1 + -4?
-9
What is the value of (-18 - -12) + -3 + 8?
-1
7 + (5 - 17 - -5) - 6
-6
Evaluate -6 + -4 + -7 + 5.
-12
(9 - ((-13 - -18) + -6)) + (-4 - -1)
7
What is -7 + 36 + 15 + (-6 - 9)?
29
7 - (8 - -1) - (4 - 3)
-3
Calculate 24 - (-114 + 125 + 1 + 0).
12
What is (10 - 0) + -502 + 488?
-4
Evaluate -11 + (0 - 2 - -20) + -17.
-10
Calculate -1 + 1 - (2 + -15 + 13 + -6).
6
Evaluate -1 + 0 - (16 - (7 + 7)).
-3
Evaluate 1 + 13 + -530 + 504.
-12
What is the value of -3 + 5 - (-1 - (4 - (0 + -7)))?
14
Evaluate 2 + 1 + 8 + -23.
-12
What is the value of 0 + -14 + 10 + -5 + -2 - -11?
0
What is 68 - 63 - (16 - ((3 - 6) + 2))?
-12
What is the value of (-5 - -1) + (-15 - (27 - 64))?
18
What is the value of 6 + (3 - 10) + -4 + 8?
3
(0 - 0 - -1) + (-16 + 3 - -19)
7
What is the value of (-4 - 14) + (1 - -16)?
-1
What is 11 - ((-12 - -2) + 15 - (5 - -3))?
14
What is the value of 11 + (-6 - (-29 + 15)) + 4?
23
What is the value of -7 - (-12 - (7 + -17 - (2 + -23)))?
16
Calculate 36 + -36 + -2 + -7 - 4.
-13
Calculate -12 + 28 - (6 + -8 - (-6 + -1)).
11
2 + 0 + -3 + 8 + -22 + 7
-8
Evaluate -4 - ((-2 + 9 - 4) + 14).
-21
What is (1 + 8 - 0) + (250 - 248)?
11
What is the value of -15 + -5 + 5 + (-12 - -11)?
-16
(1 + -9 - (7 + -3 + -3)) + 2
-7
Evaluate -3 - (4 - (-14 + 19 + -10)).
-12
-5 - (-4 + -16 + 25)
-10
(-24 - -16) + 23 - (2 - -3)
10
What is the value of (-5 - (12 - 8)) + 2 + -2?
-9
What is the value of -6 + 4 + 7 + -25 + 31?
11
Calculate -8 + -1 + (-5 - (-3 - -2)) + 1.
-12
(0 - (8 + -46)) + (5 - (3 + 11))
29
What is 0 + -14 + (13 - 7) - -2?
-6
Calculate 0 - 3 - (-7 + -8 + -3 + 16).
-1
Evaluate 3 - ((0 - (-24 - (3 - -2))) + -4).
-22
-2 + 8 - (-4 - (16 + -5 - 9))
12
Calculate (-1 - -9) + 1 - (23 - 21).
7
(-2 - 3) + (-190 - -211) + -1 + -1
14
Calculate -12 - 2 - 23 - -23.
-14
0 + -1 + (11 - 11) - (-55 + 49)
5
(0 - (-4 + 0)) + 43 + -29
18
What is 4 - (5 - (-1 - (-3 + 10)) - 4)?
-5
Evaluate (-68 - -60) + 5 + 0 - (0 - -5).
-8
-35 - -42 - (13 - (-7 + 5))
-8
Evaluate -346 - -382 - (53 - 0).
-17
What is 27 - (-7 + 4 + -3 + 8 - 12)?
37
-17 - (-21 - (-12 + (-3 - -1)))
-10
16 + (-24 - -12) - -5
9
What is the value of -2 + (-11 - (-6 - 14))?
7
What is -9 + 11 + 14 + 1 + (2 - 1)?
18
Evaluate -2 + (0 - -1) + 179 + -197.
-19
What is 14 + 7 + (-20 - 20)?
-19
What is -283 + 297 - ((2 - 13) + -2)?
27
Calculate (7 + -15 - 0 - 1) + 0.
-9
What is the value of -11 + -9 + 20 - -6?
6
What is the value of -5 + 19 + -14 - (-1 - 34)?
35
-5 + (16 - (-13 + -9 + 29))
4
What is 4 + -1 + 2 - 0 - 21?
-16
Evaluate -34 + (27 + 30 - 19).
4
(-4 - (-3 - -5) - (-16 - -3)) + -4
3
What is the value of -14 - (-11 + 9 + -10) - 2?
-4
Calculate 0 + -28 + (10 - -8).
-10
Evaluate (0 - -4) + 239 + -231 + -10.
2
Evaluate (109 - 105) + 1 + 3 + 3 + -4.
7
What is the value of 62 + -92 + (12 - 0)?
-18
Evaluate 3 + (-20 - (-1 + -23)).
7
What is the value of (1830 - 1832) + (-9 - -1)?
-10
What is ((-2 - -12) + 54 + -60 - -8) + 17?
29
What is the value of -13 + (11 - -10) + -14 - 7?
-13
What is 14 - (1 - (-28 - -8))?
-7
Evaluate 13 + -7 + (8 - 4).
10
Calculate -17 - (14 + -31 + -10).
10
What is -1 - (3 - (9 + -7 - -8))?
6
Calculate 49 + -24 + -17 + -34.
-26
What is the value of 5 + -4 - 13 - (110 + -85)?
-37
Evaluate -11 - (10 + (-17 - 0)).
-4
What is the value of -12 + 11 + 22 + -13?
8
Evaluate 7 + -3 + (-7 - (17 + -28)).
8
-22 + (0 + 0 - (36 + -21 + -16))
-21
-2 + (-5 - (23 + (-27 - -20)))
-23
What is the value of -23 + -8 + 23 + -4?
-12
What is (38 - (-28 - -55)) + 2 + -9 + 0?
4
What is 4 + -1 + (-2 - -5) + 3?
9
What is the value of (29 - 71) + 35 - (1 - -5)?
-13
-8 + (8 - (2 + -3)) + (17 - -11)
29
What is (-15 - 4) + (55 - 54) + 0?
-18
-239 + 215 + (-1 - -7)
-18
What is the value of 643 - 618 - (0 - -47)?
-22
Calculate (1 - -5) + (-3 - (-6 + 20 + 1)).
-12
What is the value of 38 + (-2 - 13) + -15?
8
Evaluate (-3 - (2 - 5)) + 5 + 47 + -40.
12
Calculate 37 - -1 - (-781 + 810).
9
0 + 2 + (11 - (4 - -10))
-1
Evaluate -5 + 4 + 2 + 1.
2
(3 - -35) + -48 - (1 - -2 - 10)
-3
Calculate (1 - -1) + 0 - (-6 - (-18 - -21)).
11
What is the value of 39 - (6 - -13) - 8?
12
What is (4 - -2) + -2 + (21 - 6 - 3)?
16
What is the value of (20 - 1) + (58 - 56) + -11 + 3?
13
Calculate (-3 + 13 - 20) + 27 + -2.
15
0 + 14 + -27 + 8 + 9
4
What is 7 + (-2 + 10 - (-14 - -29))?
0
Calculate 19 - (11 - (-3 - 3)).
2
9 - 13 - (-15 + 1)
10
Evaluate (-26 - (-52 - -16)) + (3 - (3 + 22)).
-12
What is the value of -10 - (-76 + 69 + 22 + -4)?
-21
Calculate -69 + 51 - (-6 + 0 + 0).
-12
Calculate 19 + (-43 + 16 - 9).
-17
What is 1 + 17 + (35 - 67)?
-14
-5 + -5 + 1 + 5 - -9
5
Calculate (-4 + -2 - -6 - -5 - 6) + 29.
28
What is the value of -35 - -26 - (-17 - -8)?
0
11 + -7 + (6 - -7 - 10)
7
What is 11 - (7 + 3 + -13 + 4)?
10
27 - (-8 - 0 - -14)
21
What is 22 - 7 - (-12 + (12 - 5))?
20
What is (0 + -16 - (2 + -5)) + -1 + 2?
-12
Calculate 8 + 0 - (1 + -13 - -14) - 18.
-12
What is the value of -1 - 11 - (12 + -6 + -9)?
-9
What is -17 - (-1 + -10 - (53 + -66))?
-19
Calculate -19 + -9 + -2 + 22.
-8
Calculate (7 - ((-8 - -20) + -5 + -6)) + -1.
5
What is the value of 23 + -10 + -15 + -3?
-5
What is 134 - 131 - (-7 - (7 + -3))?
14
Evaluate -20 + 9 + (16 - 11) + 10.
4
Calculate -7 + 1 - (10 - (13 + 13 + -20)).
-10
What is the value of 6 - (6 + (-4 - -10))?
-6
What is (4 - (17 - 3)) + (7 - -5)?
2
What is the value of 2 + -9 - (-63 - -40)?
16
(-7 - 27) + (20 - (-15 - -19))
-18
Evaluate 1 - (4 + (-10 - -12) - 7) - 9.
-7
What is the value of -4 + 11 + 3 + (4 - (-22 + 45))?
-9
What is the value of -3 + (-1 - (2 - 0)) + 4 - 3?
-5
Evaluate -78 + 66 - (2 + -19).
5
Calculate -4 + (-3 - -3 - -24) + -10 - 6.
4
What is the value of 8 + -17 - -1 - 3?
-11
Calculate 9 - (-11 - 1 - (-1 - 27)).
-7
3 - (-17 + 0 + -5) - (121 + -129)
33
What is the value of 6 + -1 - (106 + -118)?
17
What is the value of 18 - (9 - 13 - -6 - 0) - 8?
8
What is the value of -20 - 8 - (-81 - -51)?
2
What is (-11 - (-38 + 5 - -11)) + -23?
-12
Calculate 4 + 15 + -18 - (-4 + 9 + -4).
0
What is 1 - 6 - (-25 + 20) - -14 - -1?
15
Evaluate -35 + (5 - -3) - -23.
-4
Evaluate -7 + (-2 - -1) + (-10 - 2 - -1).
-19
-43 + 35 + 16 - (-5 + -7)
20
What is the value of (-8 - 1 - -83) + -39?
35
Calculate 7 - (-6 + -29 + 19 - -16).
7
What is -6 + (14 + -5 + -8 + 29 - 7)?
17
Calculate 9 + (5 - -14) + -21 + -12.
-5
What is the value of -57 + 61 + (-16 - -2)?
-10
Evaluate -6 - (-5 + (-5 - -4) + 6).
-6
Evaluate -2 + -6 + 6 + 8 + -3 + -6.
-3
(11 - -8) + 6 - 10
15
Calculate (-4 - (6 + -16)) + -7 + -9.
-10
Evaluate -21 - (-23 - 5 - -13).
-6
-1 + -6 + (25 + -10 - 20)
-12
-18 + (-11 - -11) + 8 + -10 - -10
-10
Calculate 29 + (19 - (62 + 4)).
-18
Calculate 0 - -39 - (-52 - (46 + -108)).
29
Evaluate -929 - -997 - (30 - -2).
36
Calculate -166 - -176 - ((8 - 1) + -4).
7
What is the value of 7 - 12 - (5 + (-6 - 9))?
5
Evaluate 22 - 56 - (-40 + -4).
10
What is the value of 23 + -24 + 38 + -13?
24
Calculate (-51 - 1 - -39) + (-1 - -35).
21
Evaluate -14 + -30 + 44 + (10 - -2) - -4.
16
What is the value of -241 + 223 - (-25 + 1)?
6
What is the value of 3 + (3 - 9) + 9 + (27 - 27)?
6
What is the value of 11 + (-3 - -1 - (-44 + 46))?
7
Calculate -25 - ((-40 - -44) + -21).
-8
What is -34 - (15 + (-28 - -1) + 5)?
-27
What is the value of 28 + 1 + -13 + -11 - -1?
6
-47 - (7 + 46 + -79)
-21
What is the value of (7 - 3) + 4 + (-237 - -211)?
-18
What is the value of 17 + -6 + (-2 - 1) + -7?
1
Evaluate 13 - 0 - 0 - 1.
12
39 + -52 + -5 + -4
-22
What is the value of 17 - 3 - (5 - (-3 - -3))?
9
Calculate 0 + (3 - (1 - -9)) + 5.
-2
What is the value of -4 + 19 - (-177 + 205)?
-13
Calculate (-18 - -46) + 16 + -39.
5
What is -21 + (16 + -35 - -33) - (3 - 20)?
10
What is the value of (-3 - -2) + (20 - 14 -